{"id":62,"date":"2021-09-08T13:58:45","date_gmt":"2021-09-08T16:58:45","guid":{"rendered":"http:\/\/eearivera.edu.ar\/cla\/?page_id=62"},"modified":"2024-05-31T03:28:33","modified_gmt":"2024-05-31T06:28:33","slug":"capacitacion-desarrollo-y-transformacion","status":"publish","type":"page","link":"https:\/\/eearivera.edu.ar\/cla\/","title":{"rendered":"Capacitaci\u00f3n, Desarrollo y Transformaci\u00f3n"},"content":{"rendered":"\t\t<div data-elementor-type=\"wp-page\" data-elementor-id=\"62\" class=\"elementor elementor-62\">\n\t\t\t\t\t\t<section class=\"elementor-section elementor-top-section elementor-element elementor-element-d10bcb1 elementor-section-boxed elementor-section-height-default elementor-section-height-default\" data-id=\"d10bcb1\" data-element_type=\"section\" data-e-type=\"section\">\n\t\t\t\t\t\t<div class=\"elementor-container elementor-column-gap-default\">\n\t\t\t\t\t<div class=\"elementor-column elementor-col-100 elementor-top-column elementor-element elementor-element-c14571b\" data-id=\"c14571b\" data-element_type=\"column\" data-e-type=\"column\">\n\t\t\t<div class=\"elementor-widget-wrap elementor-element-populated\">\n\t\t\t\t\t\t<div class=\"elementor-element elementor-element-1aab561 elementor-widget-divider--view-line elementor-widget elementor-widget-divider\" data-id=\"1aab561\" data-element_type=\"widget\" data-e-type=\"widget\" data-widget_type=\"divider.default\">\n\t\t\t\t<div class=\"elementor-widget-container\">\n\t\t\t\t\t\t\t<div class=\"elementor-divider\">\n\t\t\t<span class=\"elementor-divider-separator\">\n\t\t\t\t\t\t<\/span>\n\t\t<\/div>\n\t\t\t\t\t\t<\/div>\n\t\t\t\t<\/div>\n\t\t\t\t<div class=\"elementor-element elementor-element-b80c32c elementor-widget elementor-widget-text-editor\" data-id=\"b80c32c\" data-element_type=\"widget\" data-e-type=\"widget\" data-widget_type=\"text-editor.default\">\n\t\t\t\t<div class=\"elementor-widget-container\">\n\t\t\t\t\t\t\t\t\t<p>Nuestra instituci\u00f3n cuenta con una amplia oferta educativa que permite la capacitaci\u00f3n permanente brindando cursos, jornadas, charlas y serie de charlas t\u00e9cnicas dirigidas a toda la comunidad respondiendo a la demanda del sector socio productivo generando nuevas oportunidades para lograr la inserci\u00f3n en el mundo laboral como as\u00ed tembien favorecer el desarrollo y mejorar la calidad de vida.<\/p>\t\t\t\t\t\t\t\t<\/div>\n\t\t\t\t<\/div>\n\t\t\t\t\t<\/div>\n\t\t<\/div>\n\t\t\t\t\t<\/div>\n\t\t<\/section>\n\t\t\t\t<section class=\"elementor-section elementor-top-section elementor-element elementor-element-b6be842 elementor-section-boxed elementor-section-height-default elementor-section-height-default\" data-id=\"b6be842\" data-element_type=\"section\" data-e-type=\"section\">\n\t\t\t\t\t\t<div class=\"elementor-container elementor-column-gap-default\">\n\t\t\t\t\t<div class=\"elementor-column elementor-col-100 elementor-top-column elementor-element elementor-element-6a97cec\" data-id=\"6a97cec\" data-element_type=\"column\" data-e-type=\"column\">\n\t\t\t<div class=\"elementor-widget-wrap elementor-element-populated\">\n\t\t\t\t\t\t<div class=\"elementor-element elementor-element-e43e687 elementor-widget elementor-widget-image\" data-id=\"e43e687\" data-element_type=\"widget\" data-e-type=\"widget\" data-widget_type=\"image.default\">\n\t\t\t\t<div class=\"elementor-widget-container\">\n\t\t\t\t\t\t\t\t\t\t\t\t\t\t\t<img fetchpriority=\"high\" decoding=\"async\" width=\"900\" height=\"506\" src=\"https:\/\/eearivera.edu.ar\/cla\/wp-content\/uploads\/2021\/09\/banner-1024x576.jpg\" class=\"attachment-large size-large wp-image-14\" alt=\"\" srcset=\"https:\/\/eearivera.edu.ar\/cla\/wp-content\/uploads\/2021\/09\/banner-1024x576.jpg 1024w, https:\/\/eearivera.edu.ar\/cla\/wp-content\/uploads\/2021\/09\/banner-300x169.jpg 300w, https:\/\/eearivera.edu.ar\/cla\/wp-content\/uploads\/2021\/09\/banner-768x432.jpg 768w, https:\/\/eearivera.edu.ar\/cla\/wp-content\/uploads\/2021\/09\/banner-1536x864.jpg 1536w, https:\/\/eearivera.edu.ar\/cla\/wp-content\/uploads\/2021\/09\/banner.jpg 2048w\" sizes=\"(max-width: 900px) 100vw, 900px\" \/>\t\t\t\t\t\t\t\t\t\t\t\t\t\t\t<\/div>\n\t\t\t\t<\/div>\n\t\t\t\t\t<\/div>\n\t\t<\/div>\n\t\t\t\t\t<\/div>\n\t\t<\/section>\n\t\t\t\t<section class=\"elementor-section elementor-top-section elementor-element elementor-element-2254105 elementor-section-boxed elementor-section-height-default elementor-section-height-default\" data-id=\"2254105\" data-element_type=\"section\" data-e-type=\"section\">\n\t\t\t\t\t\t<div class=\"elementor-container elementor-column-gap-default\">\n\t\t\t\t\t<div class=\"elementor-column elementor-col-100 elementor-top-column elementor-element elementor-element-d7a49b4\" data-id=\"d7a49b4\" data-element_type=\"column\" data-e-type=\"column\">\n\t\t\t<div class=\"elementor-widget-wrap elementor-element-populated\">\n\t\t\t\t\t\t<div class=\"elementor-element elementor-element-0fe465c elementor-widget elementor-widget-text-editor\" data-id=\"0fe465c\" data-element_type=\"widget\" data-e-type=\"widget\" data-widget_type=\"text-editor.default\">\n\t\t\t\t<div class=\"elementor-widget-container\">\n\t\t\t\t\t\t\t\t\t<div dir=\"auto\" style=\"text-align: center;\">Te invitamos a inscribirte a nuestros cursos de capacitaci\u00f3n laboral ingresando al siguiente link\u00a0<span style=\"color: var( --e-global-color-text ); font-family: var( --e-global-typography-text-font-family ), Sans-serif; font-weight: var( --e-global-typography-text-font-weight );\">d\u00f3nde podr\u00e1s seleccionar entre los cursos pr\u00f3ximos a iniciar en tu localidad o cercan\u00eda y aquellos que te gustar\u00eda se dicten all\u00ed pr\u00f3ximamente.<\/span><\/div><div dir=\"auto\"><div dir=\"auto\" style=\"text-align: center;\">EESA N\u00b0 1 \u00abDr. Bernardo de Irigoyen\u00bb. Rivera &#8211; Adolfo Alsina.<\/div><\/div>\t\t\t\t\t\t\t\t<\/div>\n\t\t\t\t<\/div>\n\t\t\t\t<div class=\"elementor-element elementor-element-84eeb09 elementor-button-info elementor-align-center elementor-widget elementor-widget-button\" data-id=\"84eeb09\" data-element_type=\"widget\" data-e-type=\"widget\" data-widget_type=\"button.default\">\n\t\t\t\t<div class=\"elementor-widget-container\">\n\t\t\t\t\t\t\t\t\t<div class=\"elementor-button-wrapper\">\n\t\t\t\t\t<a class=\"elementor-button elementor-button-link elementor-size-sm\" href=\"https:\/\/forms.gle\/KCdWfpotVG2MiM8j9\" target=\"_blank\">\n\t\t\t\t\t\t<span class=\"elementor-button-content-wrapper\">\n\t\t\t\t\t\t\t\t\t<span class=\"elementor-button-text\">Ingresar<\/span>\n\t\t\t\t\t<\/span>\n\t\t\t\t\t<\/a>\n\t\t\t\t<\/div>\n\t\t\t\t\t\t\t\t<\/div>\n\t\t\t\t<\/div>\n\t\t\t\t\t<\/div>\n\t\t<\/div>\n\t\t\t\t\t<\/div>\n\t\t<\/section>\n\t\t\t\t<section class=\"elementor-section elementor-top-section elementor-element elementor-element-9539053 elementor-section-boxed elementor-section-height-default elementor-section-height-default\" data-id=\"9539053\" data-element_type=\"section\" data-e-type=\"section\">\n\t\t\t\t\t\t<div class=\"elementor-container elementor-column-gap-default\">\n\t\t\t\t\t<div class=\"elementor-column elementor-col-100 elementor-top-column elementor-element elementor-element-854a5bf\" data-id=\"854a5bf\" data-element_type=\"column\" data-e-type=\"column\">\n\t\t\t<div class=\"elementor-widget-wrap elementor-element-populated\">\n\t\t\t\t\t\t<div class=\"elementor-element elementor-element-f08ac73 elementor-widget-divider--view-line elementor-widget elementor-widget-divider\" data-id=\"f08ac73\" data-element_type=\"widget\" data-e-type=\"widget\" data-widget_type=\"divider.default\">\n\t\t\t\t<div class=\"elementor-widget-container\">\n\t\t\t\t\t\t\t<div class=\"elementor-divider\">\n\t\t\t<span class=\"elementor-divider-separator\">\n\t\t\t\t\t\t<\/span>\n\t\t<\/div>\n\t\t\t\t\t\t<\/div>\n\t\t\t\t<\/div>\n\t\t\t\t\t<\/div>\n\t\t<\/div>\n\t\t\t\t\t<\/div>\n\t\t<\/section>\n\t\t\t\t<section class=\"elementor-section elementor-top-section elementor-element elementor-element-cdfc114 elementor-section-boxed elementor-section-height-default elementor-section-height-default\" data-id=\"cdfc114\" data-element_type=\"section\" data-e-type=\"section\">\n\t\t\t\t\t\t<div class=\"elementor-container elementor-column-gap-default\">\n\t\t\t\t\t<div class=\"elementor-column elementor-col-33 elementor-top-column elementor-element elementor-element-2446844\" data-id=\"2446844\" data-element_type=\"column\" data-e-type=\"column\">\n\t\t\t<div class=\"elementor-widget-wrap elementor-element-populated\">\n\t\t\t\t\t\t<div class=\"elementor-element elementor-element-2c946f0 elementor-widget elementor-widget-video\" data-id=\"2c946f0\" data-element_type=\"widget\" data-e-type=\"widget\" data-settings=\"{&quot;video_type&quot;:&quot;hosted&quot;,&quot;autoplay&quot;:&quot;yes&quot;,&quot;controls&quot;:&quot;yes&quot;}\" data-widget_type=\"video.default\">\n\t\t\t\t<div class=\"elementor-widget-container\">\n\t\t\t\t\t\t\t<div class=\"e-hosted-video elementor-wrapper elementor-open-inline\">\n\t\t\t\t\t<video class=\"elementor-video\" src=\"http:\/\/eearivera.edu.ar\/cla\/videos\/turismorural.mp4\" autoplay=\"\" controls=\"\" controlsList=\"nodownload\"><\/video>\n\t\t\t\t<\/div>\n\t\t\t\t\t\t<\/div>\n\t\t\t\t<\/div>\n\t\t\t\t<div class=\"elementor-element elementor-element-44cbb00 elementor-widget elementor-widget-text-editor\" data-id=\"44cbb00\" data-element_type=\"widget\" data-e-type=\"widget\" data-widget_type=\"text-editor.default\">\n\t\t\t\t<div class=\"elementor-widget-container\">\n\t\t\t\t\t\t\t\t\t<p style=\"text-align: center;\">Turismo Rural<\/p>\t\t\t\t\t\t\t\t<\/div>\n\t\t\t\t<\/div>\n\t\t\t\t\t<\/div>\n\t\t<\/div>\n\t\t\t\t<div class=\"elementor-column elementor-col-33 elementor-top-column elementor-element elementor-element-7e8c092\" data-id=\"7e8c092\" data-element_type=\"column\" data-e-type=\"column\">\n\t\t\t<div class=\"elementor-widget-wrap elementor-element-populated\">\n\t\t\t\t\t\t<div class=\"elementor-element elementor-element-2231ef5 elementor-widget elementor-widget-video\" data-id=\"2231ef5\" data-element_type=\"widget\" data-e-type=\"widget\" data-settings=\"{&quot;video_type&quot;:&quot;hosted&quot;,&quot;autoplay&quot;:&quot;yes&quot;,&quot;controls&quot;:&quot;yes&quot;}\" data-widget_type=\"video.default\">\n\t\t\t\t<div class=\"elementor-widget-container\">\n\t\t\t\t\t\t\t<div class=\"e-hosted-video elementor-wrapper elementor-open-inline\">\n\t\t\t\t\t<video class=\"elementor-video\" src=\"http:\/\/eearivera.edu.ar\/cla\/videos\/manipulador.mp4\" autoplay=\"\" controls=\"\" controlsList=\"nodownload\"><\/video>\n\t\t\t\t<\/div>\n\t\t\t\t\t\t<\/div>\n\t\t\t\t<\/div>\n\t\t\t\t<div class=\"elementor-element elementor-element-ad30034 elementor-widget elementor-widget-text-editor\" data-id=\"ad30034\" data-element_type=\"widget\" data-e-type=\"widget\" data-widget_type=\"text-editor.default\">\n\t\t\t\t<div class=\"elementor-widget-container\">\n\t\t\t\t\t\t\t\t\t<p style=\"text-align: center;\">Manipulador de alimentos<\/p>\t\t\t\t\t\t\t\t<\/div>\n\t\t\t\t<\/div>\n\t\t\t\t\t<\/div>\n\t\t<\/div>\n\t\t\t\t<div class=\"elementor-column elementor-col-33 elementor-top-column elementor-element elementor-element-c09ff73\" data-id=\"c09ff73\" data-element_type=\"column\" data-e-type=\"column\">\n\t\t\t<div class=\"elementor-widget-wrap elementor-element-populated\">\n\t\t\t\t\t\t<div class=\"elementor-element elementor-element-5bfd5a7 elementor-widget elementor-widget-video\" data-id=\"5bfd5a7\" data-element_type=\"widget\" data-e-type=\"widget\" data-settings=\"{&quot;video_type&quot;:&quot;hosted&quot;,&quot;controls&quot;:&quot;yes&quot;}\" data-widget_type=\"video.default\">\n\t\t\t\t<div class=\"elementor-widget-container\">\n\t\t\t\t\t\t\t<div class=\"e-hosted-video elementor-wrapper elementor-open-inline\">\n\t\t\t\t\t<video class=\"elementor-video\" src=\"http:\/\/eearivera.edu.ar\/cla\/videos\/majadas.mp4\" controls=\"\" preload=\"metadata\" controlsList=\"nodownload\"><\/video>\n\t\t\t\t<\/div>\n\t\t\t\t\t\t<\/div>\n\t\t\t\t<\/div>\n\t\t\t\t<div class=\"elementor-element elementor-element-cbb6c06 elementor-widget elementor-widget-text-editor\" data-id=\"cbb6c06\" data-element_type=\"widget\" data-e-type=\"widget\" data-widget_type=\"text-editor.default\">\n\t\t\t\t<div class=\"elementor-widget-container\">\n\t\t\t\t\t\t\t\t\t<p style=\"text-align: center;\">Manejo de Majadas<\/p>\t\t\t\t\t\t\t\t<\/div>\n\t\t\t\t<\/div>\n\t\t\t\t\t<\/div>\n\t\t<\/div>\n\t\t\t\t\t<\/div>\n\t\t<\/section>\n\t\t\t\t<section class=\"elementor-section elementor-top-section elementor-element elementor-element-ca62e13 elementor-section-boxed elementor-section-height-default elementor-section-height-default\" data-id=\"ca62e13\" data-element_type=\"section\" data-e-type=\"section\">\n\t\t\t\t\t\t<div class=\"elementor-container elementor-column-gap-default\">\n\t\t\t\t\t<div class=\"elementor-column elementor-col-33 elementor-top-column elementor-element elementor-element-14f5def\" data-id=\"14f5def\" data-element_type=\"column\" data-e-type=\"column\">\n\t\t\t<div class=\"elementor-widget-wrap elementor-element-populated\">\n\t\t\t\t\t\t<div class=\"elementor-element elementor-element-d6c42cd elementor-widget elementor-widget-video\" data-id=\"d6c42cd\" data-element_type=\"widget\" data-e-type=\"widget\" data-settings=\"{&quot;video_type&quot;:&quot;hosted&quot;,&quot;controls&quot;:&quot;yes&quot;}\" data-widget_type=\"video.default\">\n\t\t\t\t<div class=\"elementor-widget-container\">\n\t\t\t\t\t\t\t<div class=\"e-hosted-video elementor-wrapper elementor-open-inline\">\n\t\t\t\t\t<video class=\"elementor-video\" src=\"http:\/\/eearivera.edu.ar\/cla\/videos\/ambiente.mp4\" controls=\"\" preload=\"metadata\" controlsList=\"nodownload\"><\/video>\n\t\t\t\t<\/div>\n\t\t\t\t\t\t<\/div>\n\t\t\t\t<\/div>\n\t\t\t\t<div class=\"elementor-element elementor-element-ec9b467 elementor-widget elementor-widget-text-editor\" data-id=\"ec9b467\" data-element_type=\"widget\" data-e-type=\"widget\" data-widget_type=\"text-editor.default\">\n\t\t\t\t<div class=\"elementor-widget-container\">\n\t\t\t\t\t\t\t\t\t<p style=\"text-align: center;\">Gesti\u00f3n Ambiental<\/p>\t\t\t\t\t\t\t\t<\/div>\n\t\t\t\t<\/div>\n\t\t\t\t\t<\/div>\n\t\t<\/div>\n\t\t\t\t<div class=\"elementor-column elementor-col-33 elementor-top-column elementor-element elementor-element-a79b24f\" data-id=\"a79b24f\" data-element_type=\"column\" data-e-type=\"column\">\n\t\t\t<div class=\"elementor-widget-wrap elementor-element-populated\">\n\t\t\t\t\t\t<div class=\"elementor-element elementor-element-36f8011 elementor-widget elementor-widget-video\" data-id=\"36f8011\" data-element_type=\"widget\" data-e-type=\"widget\" data-settings=\"{&quot;video_type&quot;:&quot;hosted&quot;,&quot;controls&quot;:&quot;yes&quot;}\" data-widget_type=\"video.default\">\n\t\t\t\t<div class=\"elementor-widget-container\">\n\t\t\t\t\t\t\t<div class=\"e-hosted-video elementor-wrapper elementor-open-inline\">\n\t\t\t\t\t<video class=\"elementor-video\" src=\"http:\/\/eearivera.edu.ar\/cla\/videos\/cerveza.mp4\" controls=\"\" preload=\"metadata\" controlsList=\"nodownload\"><\/video>\n\t\t\t\t<\/div>\n\t\t\t\t\t\t<\/div>\n\t\t\t\t<\/div>\n\t\t\t\t<div class=\"elementor-element elementor-element-b356d67 elementor-widget elementor-widget-text-editor\" data-id=\"b356d67\" data-element_type=\"widget\" data-e-type=\"widget\" data-widget_type=\"text-editor.default\">\n\t\t\t\t<div class=\"elementor-widget-container\">\n\t\t\t\t\t\t\t\t\t<p style=\"text-align: center;\">Cerveza artesanal<\/p>\t\t\t\t\t\t\t\t<\/div>\n\t\t\t\t<\/div>\n\t\t\t\t\t<\/div>\n\t\t<\/div>\n\t\t\t\t<div class=\"elementor-column elementor-col-33 elementor-top-column elementor-element elementor-element-22398d2\" data-id=\"22398d2\" data-element_type=\"column\" data-e-type=\"column\">\n\t\t\t<div class=\"elementor-widget-wrap elementor-element-populated\">\n\t\t\t\t\t\t<div class=\"elementor-element elementor-element-209797c elementor-widget elementor-widget-video\" data-id=\"209797c\" data-element_type=\"widget\" data-e-type=\"widget\" data-settings=\"{&quot;video_type&quot;:&quot;hosted&quot;,&quot;controls&quot;:&quot;yes&quot;}\" data-widget_type=\"video.default\">\n\t\t\t\t<div class=\"elementor-widget-container\">\n\t\t\t\t\t\t\t<div class=\"e-hosted-video elementor-wrapper elementor-open-inline\">\n\t\t\t\t\t<video class=\"elementor-video\" src=\"http:\/\/eearivera.edu.ar\/cla\/videos\/carpinteria.mp4\" controls=\"\" preload=\"metadata\" controlsList=\"nodownload\"><\/video>\n\t\t\t\t<\/div>\n\t\t\t\t\t\t<\/div>\n\t\t\t\t<\/div>\n\t\t\t\t<div class=\"elementor-element elementor-element-65e9c80 elementor-widget elementor-widget-text-editor\" data-id=\"65e9c80\" data-element_type=\"widget\" data-e-type=\"widget\" data-widget_type=\"text-editor.default\">\n\t\t\t\t<div class=\"elementor-widget-container\">\n\t\t\t\t\t\t\t\t\t<p style=\"text-align: center;\">Carpinter\u00eda rural<\/p>\t\t\t\t\t\t\t\t<\/div>\n\t\t\t\t<\/div>\n\t\t\t\t\t<\/div>\n\t\t<\/div>\n\t\t\t\t\t<\/div>\n\t\t<\/section>\n\t\t\t\t<section class=\"elementor-section elementor-top-section elementor-element elementor-element-de36034 elementor-section-boxed elementor-section-height-default elementor-section-height-default\" data-id=\"de36034\" data-element_type=\"section\" data-e-type=\"section\">\n\t\t\t\t\t\t<div class=\"elementor-container elementor-column-gap-default\">\n\t\t\t\t\t<div class=\"elementor-column elementor-col-100 elementor-top-column elementor-element elementor-element-314fd3f\" data-id=\"314fd3f\" data-element_type=\"column\" data-e-type=\"column\">\n\t\t\t<div class=\"elementor-widget-wrap\">\n\t\t\t\t\t\t\t<\/div>\n\t\t<\/div>\n\t\t\t\t\t<\/div>\n\t\t<\/section>\n\t\t\t\t<section class=\"elementor-section elementor-top-section elementor-element elementor-element-ac70929 elementor-section-boxed elementor-section-height-default elementor-section-height-default\" data-id=\"ac70929\" data-element_type=\"section\" data-e-type=\"section\">\n\t\t\t\t\t\t<div class=\"elementor-container elementor-column-gap-default\">\n\t\t\t\t\t<div class=\"elementor-column elementor-col-100 elementor-top-column elementor-element elementor-element-944c7dd\" data-id=\"944c7dd\" data-element_type=\"column\" data-e-type=\"column\">\n\t\t\t<div class=\"elementor-widget-wrap elementor-element-populated\">\n\t\t\t\t\t\t<div class=\"elementor-element elementor-element-93dcf44 elementor-widget elementor-widget-text-editor\" data-id=\"93dcf44\" data-element_type=\"widget\" data-e-type=\"widget\" data-widget_type=\"text-editor.default\">\n\t\t\t\t<div class=\"elementor-widget-container\">\n\t\t\t\t\t\t\t\t\t<script>\nvar div = document.getElementById(\"usefullLinks\");\n \nfunction showDivLinks(){\n  var div = document.getElementById(\"usefullLinks\");\n  div.style.display = \"block\";\n}\n<\/script>\n<span onclick=\"showDivLinks()\">&nbsp;<\/span>\n<div id=\"usefullLinks\" style=\"display:none;\">\n <a href=\"http:\/\/bigcatch.ru\/nike-men%27s-sandals-with-straps-k.html\"><strong>nike men%27s sandals with straps<\/strong><\/a>\n <a href=\"http:\/\/angelierhomes.com\/table-cuisson-neff-k.html\"><strong>table cuisson neff<\/strong><\/a>\n <a href=\"http:\/\/bigcatch.ru\/suunto-mujer-gps-k.html\"><strong>suunto mujer gps<\/strong><\/a>\n <a href=\"http:\/\/cflaw.adv.br\/lanterna-t%C3%A1tica-police-32000w-e-96000-lumens-ultra-potente-k.html\"><strong>lanterna t\u00e1tica police 32000w e 96000 lumens ultra potente<\/strong><\/a>\n <a href=\"http:\/\/bigcatch.ru\/calentador-forcali-12-litros-opiniones-k.html\"><strong>calentador forcali 12 litros opiniones<\/strong><\/a>\n <a href=\"http:\/\/bigcatch.ru\/suunto-mujer-gps-k.html\"><strong>suunto mujer gps<\/strong><\/a>\n <a href=\"http:\/\/johnkanzler.com\/vestito-barbie-bambina-k.html\"><strong>vestito barbie bambina<\/strong><\/a>\n <a href=\"http:\/\/angelierhomes.com\/camisole-avec-brassiere-integree-k.html\"><strong>camisole avec brassiere integree<\/strong><\/a>\n <a href=\"http:\/\/johnkanzler.com\/pytel-do-ko%C4%8D%C3%A1rku-n%C3%A1vod-k.html\"><strong>pytel do ko\u010d\u00e1rku n\u00e1vod<\/strong><\/a>\n <a href=\"http:\/\/angelierhomes.com\/intel-2600-i7-k.html\"><strong>intel 2600 i7<\/strong><\/a>\n <a href=\"http:\/\/bigcatch.ru\/intea-champu-infantil-k.html\"><strong>intea champu infantil<\/strong><\/a>\n <a href=\"http:\/\/johnkanzler.com\/mia-eau-de-toilette-intimissimi-k.html\"><strong>mia eau de toilette intimissimi<\/strong><\/a>\n <a href=\"http:\/\/johnkanzler.com\/d%C3%A1msk%C3%A1-k%C3%A1rovan%C3%A1-ko%C5%A1ile-k.html\"><strong>d\u00e1msk\u00e1 k\u00e1rovan\u00e1 ko\u0161ile<\/strong><\/a>\n <a href=\"http:\/\/bigcatch.ru\/calentador-forcali-12-litros-opiniones-k.html\"><strong>calentador forcali 12 litros opiniones<\/strong><\/a>\n <a href=\"http:\/\/angelierhomes.com\/table-cuisson-neff-k.html\"><strong>table cuisson neff<\/strong><\/a>\n<\/div>\t\t\t\t\t\t\t\t<\/div>\n\t\t\t\t<\/div>\n\t\t\t\t\t<\/div>\n\t\t<\/div>\n\t\t\t\t\t<\/div>\n\t\t<\/section>\n\t\t\t\t<\/div>\n\t\t","protected":false},"excerpt":{"rendered":"<p>Nuestra instituci\u00f3n cuenta con una amplia oferta educativa que permite la capacitaci\u00f3n permanente brindando cursos, jornadas, charlas y serie de charlas t\u00e9cnicas dirigidas a toda la comunidad respondiendo a la demanda del sector socio productivo generando nuevas oportunidades para lograr la inserci\u00f3n en el mundo laboral como as\u00ed tembien favorecer el desarrollo y mejorar la &#8230; <a title=\"Capacitaci\u00f3n, Desarrollo y Transformaci\u00f3n\" class=\"read-more\" href=\"https:\/\/eearivera.edu.ar\/cla\/\" aria-label=\"Leer m\u00e1s sobre Capacitaci\u00f3n, Desarrollo y Transformaci\u00f3n\">Leer m\u00e1s<\/a><\/p>\n","protected":false},"author":2,"featured_media":0,"parent":0,"menu_order":0,"comment_status":"closed","ping_status":"closed","template":"","meta":{"footnotes":""},"class_list":["post-62","page","type-page","status-publish"],"_links":{"self":[{"href":"https:\/\/eearivera.edu.ar\/cla\/wp-json\/wp\/v2\/pages\/62","targetHints":{"allow":["GET"]}}],"collection":[{"href":"https:\/\/eearivera.edu.ar\/cla\/wp-json\/wp\/v2\/pages"}],"about":[{"href":"https:\/\/eearivera.edu.ar\/cla\/wp-json\/wp\/v2\/types\/page"}],"author":[{"embeddable":true,"href":"https:\/\/eearivera.edu.ar\/cla\/wp-json\/wp\/v2\/users\/2"}],"replies":[{"embeddable":true,"href":"https:\/\/eearivera.edu.ar\/cla\/wp-json\/wp\/v2\/comments?post=62"}],"version-history":[{"count":44,"href":"https:\/\/eearivera.edu.ar\/cla\/wp-json\/wp\/v2\/pages\/62\/revisions"}],"predecessor-version":[{"id":120,"href":"https:\/\/eearivera.edu.ar\/cla\/wp-json\/wp\/v2\/pages\/62\/revisions\/120"}],"wp:attachment":[{"href":"https:\/\/eearivera.edu.ar\/cla\/wp-json\/wp\/v2\/media?parent=62"}],"curies":[{"name":"wp","href":"https:\/\/api.w.org\/{rel}","templated":true}]}}